{"id":1869,"date":"2025-02-05T17:25:24","date_gmt":"2025-02-05T17:25:24","guid":{"rendered":"https:\/\/karmeyoga.com\/?post_type=product&#038;p=1869"},"modified":"2025-02-19T18:21:22","modified_gmt":"2025-02-19T18:21:22","slug":"la-gran-fiesta-del-yoga-carnaval","status":"publish","type":"product","link":"https:\/\/karmeyoga.com\/index.php\/producto\/la-gran-fiesta-del-yoga-carnaval\/","title":{"rendered":"LA GRAN FIESTA DEL YOGA \u00abCARNAVAL\u00bb"},"content":{"rendered":"<div>\n<div>\n<p>Crea tu Propia M\u00e1scara<\/p>\n<\/div>\n<div>\n<p>\u00bfQu\u00e9 ser\u00eda un carnaval sin m\u00e1scaras? En este evento, no solo practicar\u00e1s yoga, sino que tambi\u00e9n tendr\u00e1s la oportunidad de fabricar tu propia m\u00e1scara. Deja volar tu imaginaci\u00f3n y creatividad para darle vida a una pieza \u00fanica que refleje tu personalidad y esp\u00edritu festivo.<\/p>\n<\/div>\n<div>\n<p>Detalles del Evento<\/p>\n<\/div>\n<ul>\n<li>Fecha: S\u00e1bado 22 de Febrero<\/li>\n<li>Ubicaci\u00f3n: Belotus Yoga<\/li>\n<\/ul>\n<div>\n<p>Grupos y Horarios<\/p>\n<\/div>\n<ul>\n<li>3 &#8211; 6 a\u00f1os:\n<ul>\n<li>Horario: 17:00 h a 18:00 h<\/li>\n<li>Precio rebajado a 20 Eur hasta el 12 de Febrero (ni\u00f1o\/a + adulto)<\/li>\n<li>Precio a partir del 13 de Febrero :22 Eur (ni\u00f1o\/a + adulto)<\/li>\n<\/ul>\n<\/li>\n<li>7 &#8211; 12 a\u00f1os:\n<ul>\n<li>Horario: 18:15 h a 19:30 h<\/li>\n<li>Precio rebajado a 23 Eur hasta el 12 de Febrero (ni\u00f1o\/a + adulto)<\/li>\n<li>Precio a partir del 13 de Febrero: 25\u00a0 Eur (Ni\u00f1o\/a + adulto)<\/li>\n<\/ul>\n<\/li>\n<\/ul>\n<div>\n<p>Nota: Solo 5 familias por grupo. \u00a1Asegura tu plaza y no te quedes fuera!<\/p>\n<\/div>\n<div>\n<p>\u00bfQuieres ser una de las familias que se unen a la fiesta del yoga a trav\u00e9s del carnaval?<\/p>\n<\/div>\n<div>\n<p>No te pierdas la oportunidad de ser parte de esta gran fiesta que promete unir a las familias a trav\u00e9s del yoga y el carnaval.<\/p>\n<\/div>\n<div>\n<p>\u00a1Reserva tu lugar ahora y prep\u00e1rate para un evento lleno de diversi\u00f3n, risas y momentos inolvidables!<\/p>\n<\/div>\n<div>\n<p>\u00a1Te esperamos con los brazos abiertos en Belotus Yoga!<\/p>\n<\/div>\n<\/div>\n","protected":false},"excerpt":{"rendered":"<div>\n<div>\n<p>\u00a1Ven a la Fiesta del Yoga Carnaval en Belotus Yoga!<\/p>\n<\/div>\n<div>\n<p>\u00bfEst\u00e1s listo para experimentar una explosi\u00f3n de alegr\u00eda, diversi\u00f3n y bienestar en familia? Este pr\u00f3ximo s\u00e1bado 22 de febrero, Karme Yoga, te invita a sumergirte en la magia del carnaval como nunca antes lo has hecho. Prep\u00e1rate para una jornada inolvidable donde las posturas de yoga se combinan con la creatividad y el esp\u00edritu festivo del carnaval.<\/p>\n<\/div>\n<\/div>\n","protected":false},"featured_media":1870,"comment_status":"open","ping_status":"closed","template":"","meta":{"_uag_custom_page_level_css":"","site-sidebar-layout":"default","site-content-layout":"","ast-site-content-layout":"default","site-content-style":"default","site-sidebar-style":"default","ast-global-header-display":"","ast-banner-title-visibility":"","ast-main-header-display":"","ast-hfb-above-header-display":"","ast-hfb-below-header-display":"","ast-hfb-mobile-header-display":"","site-post-title":"","ast-breadcrumbs-content":"","ast-featured-img":"","footer-sml-layout":"","ast-disable-related-posts":"","theme-transparent-header-meta":"default","adv-header-id-meta":"","stick-header-meta":"","header-above-stick-meta":"","header-main-stick-meta":"","header-below-stick-meta":"","astra-migrate-meta-layouts":"set","ast-page-background-enabled":"default","ast-page-background-meta":{"desktop":{"background-color":"","background-image":"","background-repeat":"repeat","background-position":"center center","background-size":"auto","background-attachment":"scroll","background-type":"","background-media":"","overlay-type":"","overlay-color":"","overlay-opacity":"","overlay-gradient":""},"tablet":{"background-color":"","background-image":"","background-repeat":"repeat","background-position":"center center","background-size":"auto","background-attachment":"scroll","background-type":"","background-media":"","overlay-type":"","overlay-color":"","overlay-opacity":"","overlay-gradient":""},"mobile":{"background-color":"","background-image":"","background-repeat":"repeat","background-position":"center center","background-size":"auto","background-attachment":"scroll","background-type":"","background-media":"","overlay-type":"","overlay-color":"","overlay-opacity":"","overlay-gradient":""}},"ast-content-background-meta":{"desktop":{"background-color":"var(--ast-global-color-5)","background-image":"","background-repeat":"repeat","background-position":"center center","background-size":"auto","background-attachment":"scroll","background-type":"","background-media":"","overlay-type":"","overlay-color":"","overlay-opacity":"","overlay-gradient":""},"tablet":{"background-color":"var(--ast-global-color-5)","background-image":"","background-repeat":"repeat","background-position":"center center","background-size":"auto","background-attachment":"scroll","background-type":"","background-media":"","overlay-type":"","overlay-color":"","overlay-opacity":"","overlay-gradient":""},"mobile":{"background-color":"var(--ast-global-color-5)","background-image":"","background-repeat":"repeat","background-position":"center center","background-size":"auto","background-attachment":"scroll","background-type":"","background-media":"","overlay-type":"","overlay-color":"","overlay-opacity":"","overlay-gradient":""}},"advanced_seo_description":"","jetpack_seo_html_title":"","jetpack_seo_noindex":false},"product_brand":[],"product_cat":[40],"product_tag":[],"class_list":{"0":"post-1869","1":"product","2":"type-product","3":"status-publish","4":"has-post-thumbnail","6":"product_cat-taller","7":"desktop-align-left","8":"tablet-align-left","9":"mobile-align-left","11":"first","12":"outofstock","13":"taxable","14":"shipping-taxable","15":"purchasable","16":"product-type-variable"},"uagb_featured_image_src":{"full":["https:\/\/karmeyoga.com\/wp-content\/uploads\/2025\/02\/CARNAVAL-WEB.png",1080,1080,false],"thumbnail":["https:\/\/karmeyoga.com\/wp-content\/uploads\/2025\/02\/CARNAVAL-WEB-150x150.png",150,150,true],"medium":["https:\/\/karmeyoga.com\/wp-content\/uploads\/2025\/02\/CARNAVAL-WEB-300x300.png",300,300,true],"medium_large":["https:\/\/karmeyoga.com\/wp-content\/uploads\/2025\/02\/CARNAVAL-WEB-768x768.png",768,768,true],"large":["https:\/\/karmeyoga.com\/wp-content\/uploads\/2025\/02\/CARNAVAL-WEB-1024x1024.png",1024,1024,true],"1536x1536":["https:\/\/karmeyoga.com\/wp-content\/uploads\/2025\/02\/CARNAVAL-WEB.png",1080,1080,false],"2048x2048":["https:\/\/karmeyoga.com\/wp-content\/uploads\/2025\/02\/CARNAVAL-WEB.png",1080,1080,false],"mailpoet_newsletter_max":["https:\/\/karmeyoga.com\/wp-content\/uploads\/2025\/02\/CARNAVAL-WEB.png",1080,1080,false],"woocommerce_thumbnail":["https:\/\/karmeyoga.com\/wp-content\/uploads\/2025\/02\/CARNAVAL-WEB-300x300.png",300,300,true],"woocommerce_single":["https:\/\/karmeyoga.com\/wp-content\/uploads\/2025\/02\/CARNAVAL-WEB-600x600.png",600,600,true],"woocommerce_gallery_thumbnail":["https:\/\/karmeyoga.com\/wp-content\/uploads\/2025\/02\/CARNAVAL-WEB-100x100.png",100,100,true]},"uagb_author_info":{"display_name":"admin","author_link":"https:\/\/karmeyoga.com\/index.php\/author\/"},"uagb_comment_info":0,"uagb_excerpt":"\u00a1Ven a la Fiesta del Yoga Carnaval en Belotus Yoga! \u00bfEst\u00e1s listo para experimentar una explosi\u00f3n de alegr\u00eda, diversi\u00f3n y bienestar en familia? Este pr\u00f3ximo s\u00e1bado 22 de febrero, Karme Yoga, te invita a sumergirte en la magia del carnaval como nunca antes lo has hecho. Prep\u00e1rate para una jornada inolvidable donde las posturas de&hellip;","jetpack_sharing_enabled":true,"_links":{"self":[{"href":"https:\/\/karmeyoga.com\/index.php\/wp-json\/wp\/v2\/product\/1869","targetHints":{"allow":["GET"]}}],"collection":[{"href":"https:\/\/karmeyoga.com\/index.php\/wp-json\/wp\/v2\/product"}],"about":[{"href":"https:\/\/karmeyoga.com\/index.php\/wp-json\/wp\/v2\/types\/product"}],"replies":[{"embeddable":true,"href":"https:\/\/karmeyoga.com\/index.php\/wp-json\/wp\/v2\/comments?post=1869"}],"wp:featuredmedia":[{"embeddable":true,"href":"https:\/\/karmeyoga.com\/index.php\/wp-json\/wp\/v2\/media\/1870"}],"wp:attachment":[{"href":"https:\/\/karmeyoga.com\/index.php\/wp-json\/wp\/v2\/media?parent=1869"}],"wp:term":[{"taxonomy":"product_brand","embeddable":true,"href":"https:\/\/karmeyoga.com\/index.php\/wp-json\/wp\/v2\/product_brand?post=1869"},{"taxonomy":"product_cat","embeddable":true,"href":"https:\/\/karmeyoga.com\/index.php\/wp-json\/wp\/v2\/product_cat?post=1869"},{"taxonomy":"product_tag","embeddable":true,"href":"https:\/\/karmeyoga.com\/index.php\/wp-json\/wp\/v2\/product_tag?post=1869"}],"curies":[{"name":"wp","href":"https:\/\/api.w.org\/{rel}","templated":true}]}}

<div>
<div>
<p>Crea tu Propia Máscara</p>
</div>
<div>
<p>¿Qué sería un carnaval sin máscaras? En este evento, no solo practicarás yoga, sino que también tendrás la oportunidad de fabricar tu propia máscara. Deja volar tu imaginación y creatividad para darle vida a una pieza única que refleje tu personalidad y espíritu festivo.</p>
</div>
<div>
<p>Detalles del Evento</p>
</div>
<ul>
<li>Fecha: Sábado 22 de Febrero</li>
<li>Ubicación: Belotus Yoga</li>
</ul>
<div>
<p>Grupos y Horarios</p>
</div>
<ul>
<li>3 &#8211; 6 años:
<ul>
<li>Horario: 17:00 h a 18:00 h</li>
<li>Precio rebajado a 20 Eur hasta el 12 de Febrero (niño/a + adulto)</li>
<li>Precio a partir del 13 de Febrero :22 Eur (niño/a + adulto)</li>
</ul>
</li>
<li>7 &#8211; 12 años:
<ul>
<li>Horario: 18:15 h a 19:30 h</li>
<li>Precio rebajado a 23 Eur hasta el 12 de Febrero (niño/a + adulto)</li>
<li>Precio a partir del 13 de Febrero: 25  Eur (Niño/a + adulto)</li>
</ul>
</li>
</ul>
<div>
<p>Nota: Solo 5 familias por grupo. ¡Asegura tu plaza y no te quedes fuera!</p>
</div>
<div>
<p>¿Quieres ser una de las familias que se unen a la fiesta del yoga a través del carnaval?</p>
</div>
<div>
<p>No te pierdas la oportunidad de ser parte de esta gran fiesta que promete unir a las familias a través del yoga y el carnaval.</p>
</div>
<div>
<p>¡Reserva tu lugar ahora y prepárate para un evento lleno de diversión, risas y momentos inolvidables!</p>
</div>
<div>
<p>¡Te esperamos con los brazos abiertos en Belotus Yoga!</p>
</div>
</div>

<div>
<div>
<p>¡Ven a la Fiesta del Yoga Carnaval en Belotus Yoga!</p>
</div>
<div>
<p>¿Estás listo para experimentar una explosión de alegría, diversión y bienestar en familia? Este próximo sábado 22 de febrero, Karme Yoga, te invita a sumergirte en la magia del carnaval como nunca antes lo has hecho. Prepárate para una jornada inolvidable donde las posturas de yoga se combinan con la creatividad y el espíritu festivo del carnaval.</p>
</div>
</div>

¡Ven a la Fiesta del Yoga Carnaval en Belotus Yoga! ¿Estás listo para experimentar una explosión de alegría, diversión y bienestar en familia? Este próximo sábado 22 de febrero, Karme Yoga, te invita a sumergirte en la magia del carnaval como nunca antes lo has hecho. Prepárate para una jornada inolvidable donde las posturas de&hellip;
