{"id":1798,"date":"2024-11-04T12:20:52","date_gmt":"2024-11-04T12:20:52","guid":{"rendered":"https:\/\/karmeyoga.com\/?post_type=product&#038;p=1798"},"modified":"2024-11-10T20:31:59","modified_gmt":"2024-11-10T20:31:59","slug":"practica-chakra-raiz-muladhara","status":"publish","type":"product","link":"https:\/\/karmeyoga.com\/index.php\/producto\/practica-chakra-raiz-muladhara\/","title":{"rendered":"PRACTICA CHAKRA RAIZ &#8211; MULADHARA"},"content":{"rendered":"<p>Este centro energ\u00e9tico es la base de nuestro equilibrio f\u00edsico, emocional y espiritual.<\/p>\n<p>\u00bfPor qu\u00e9 Muladhara es esencial?<\/p>\n<p>El chakra ra\u00edz es el fundamento de nuestra estabilidad y seguridad.<\/p>\n<p>Al conectar con Muladhara, podemos:<\/p>\n<p>\u2764\ufe0fFortalecer nuestro sentido de pertenencia y seguridad.<\/p>\n<p>\u2764\ufe0fAumentar nuestra energ\u00eda vital y resistencia.<\/p>\n<p>\u2764\ufe0fPromover el equilibrio emocional y la confianza en nosotros mismos.<\/p>\n<p>\u00bfQu\u00e9 puedes esperar de nuestra pr\u00e1ctica?<\/p>\n<p>Nuestra sesi\u00f3n de yoga est\u00e1 dise\u00f1ada para:<\/p>\n<p>\u2714 Activar y equilibrar Muladhara mediante posturas espec\u00edficas.<\/p>\n<p>\u2714 Incluir t\u00e9cnicas de respiraci\u00f3n profunda que fomentan la conexi\u00f3n con la tierra.<\/p>\n<p>\u2714 Utilizar meditaciones guiadas para arraigar tus intenciones y liberar bloqueos.<\/p>\n<p>\u00danete a nosotros.<\/p>\n<p>Este jueves, empezamos con el ciclo de pr\u00e1cticas por los Chakras.<\/p>\n<p>Inscripciones abiertas. Reserva tu plaza directamente en www.karmeyoga.com o enlace directo en mi Bio.<br \/>\n(Si eres alumn@ de Belotus, entra dentro de tu cuota) Pero, PUEDES apoyar nuestro trabajo, compartiendo, d\u00e1ndole un like y dejando un comentario.<br \/>\nAs\u00ed podremos seguir compartiendo clases, experiencias, talleres bonitos, y que nuestra preciosa comunidad, crezca.<\/p>\n<p>\u00abTambi\u00e9n nos puedes invitar, a un T\u00e9\u00bb<\/p>\n<p>Encuentra la paz y el equilibrio que tu cuerpo y mente necesitan.<\/p>\n<p>Nuestras clases est\u00e1n abiertas para todos, sin importar tu nivel de experiencia. \ud83e\uddd8\u200d\u2640\ud83e\uddd8\u200d\u2642<\/p>\n<p>No olvides seguirnos en Instagram para obtener m\u00e1s consejos sobre bienestar y actualizaciones sobre nuestras clases!<\/p>\n<p>\ud83c\udf1fConecta con tu energ\u00eda ra\u00edz y transforma tu vida desde el fundamento.<\/p>\n<p>\u00a1Te esperamos con los brazos abiertos! \ud83d\udcab<\/p>\n<p>NAMASTE \ud83d\ude4f<\/p>\n","protected":false},"excerpt":{"rendered":"<p>Descubre la Armon\u00eda del Primer Chakra: Muladhara<\/p>\n<p>\u00a1Hola amantes del bienestar! \ud83c\udf3f\u2728<\/p>\n<p>Te invito a sumergirte en una experiencia transformadora con nuestra pr\u00e1ctica de yoga enfocada en el primer chakra, Muladhara, tambi\u00e9n conocido como el chakra ra\u00edz.<\/p>\n","protected":false},"featured_media":1800,"comment_status":"open","ping_status":"closed","template":"","meta":{"_uag_custom_page_level_css":"","site-sidebar-layout":"default","site-content-layout":"","ast-site-content-layout":"default","site-content-style":"default","site-sidebar-style":"default","ast-global-header-display":"","ast-banner-title-visibility":"","ast-main-header-display":"","ast-hfb-above-header-display":"","ast-hfb-below-header-display":"","ast-hfb-mobile-header-display":"","site-post-title":"","ast-breadcrumbs-content":"","ast-featured-img":"","footer-sml-layout":"","ast-disable-related-posts":"","theme-transparent-header-meta":"default","adv-header-id-meta":"","stick-header-meta":"","header-above-stick-meta":"","header-main-stick-meta":"","header-below-stick-meta":"","astra-migrate-meta-layouts":"set","ast-page-background-enabled":"default","ast-page-background-meta":{"desktop":{"background-color":"","background-image":"","background-repeat":"repeat","background-position":"center center","background-size":"auto","background-attachment":"scroll","background-type":"","background-media":"","overlay-type":"","overlay-color":"","overlay-opacity":"","overlay-gradient":""},"tablet":{"background-color":"","background-image":"","background-repeat":"repeat","background-position":"center center","background-size":"auto","background-attachment":"scroll","background-type":"","background-media":"","overlay-type":"","overlay-color":"","overlay-opacity":"","overlay-gradient":""},"mobile":{"background-color":"","background-image":"","background-repeat":"repeat","background-position":"center center","background-size":"auto","background-attachment":"scroll","background-type":"","background-media":"","overlay-type":"","overlay-color":"","overlay-opacity":"","overlay-gradient":""}},"ast-content-background-meta":{"desktop":{"background-color":"var(--ast-global-color-5)","background-image":"","background-repeat":"repeat","background-position":"center center","background-size":"auto","background-attachment":"scroll","background-type":"","background-media":"","overlay-type":"","overlay-color":"","overlay-opacity":"","overlay-gradient":""},"tablet":{"background-color":"var(--ast-global-color-5)","background-image":"","background-repeat":"repeat","background-position":"center center","background-size":"auto","background-attachment":"scroll","background-type":"","background-media":"","overlay-type":"","overlay-color":"","overlay-opacity":"","overlay-gradient":""},"mobile":{"background-color":"var(--ast-global-color-5)","background-image":"","background-repeat":"repeat","background-position":"center center","background-size":"auto","background-attachment":"scroll","background-type":"","background-media":"","overlay-type":"","overlay-color":"","overlay-opacity":"","overlay-gradient":""}},"advanced_seo_description":"","jetpack_seo_html_title":"","jetpack_seo_noindex":false},"product_brand":[],"product_cat":[45],"product_tag":[],"class_list":{"0":"post-1798","1":"product","2":"type-product","3":"status-publish","4":"has-post-thumbnail","6":"product_cat-clases","7":"desktop-align-left","8":"tablet-align-left","9":"mobile-align-left","11":"first","12":"outofstock","13":"virtual","14":"taxable","15":"purchasable","16":"product-type-simple"},"uagb_featured_image_src":{"full":["https:\/\/karmeyoga.com\/wp-content\/uploads\/2024\/11\/muladhara-chakra.png",1080,1080,false],"thumbnail":["https:\/\/karmeyoga.com\/wp-content\/uploads\/2024\/11\/muladhara-chakra-150x150.png",150,150,true],"medium":["https:\/\/karmeyoga.com\/wp-content\/uploads\/2024\/11\/muladhara-chakra-300x300.png",300,300,true],"medium_large":["https:\/\/karmeyoga.com\/wp-content\/uploads\/2024\/11\/muladhara-chakra-768x768.png",768,768,true],"large":["https:\/\/karmeyoga.com\/wp-content\/uploads\/2024\/11\/muladhara-chakra-1024x1024.png",1024,1024,true],"1536x1536":["https:\/\/karmeyoga.com\/wp-content\/uploads\/2024\/11\/muladhara-chakra.png",1080,1080,false],"2048x2048":["https:\/\/karmeyoga.com\/wp-content\/uploads\/2024\/11\/muladhara-chakra.png",1080,1080,false],"mailpoet_newsletter_max":["https:\/\/karmeyoga.com\/wp-content\/uploads\/2024\/11\/muladhara-chakra.png",1080,1080,false],"woocommerce_thumbnail":["https:\/\/karmeyoga.com\/wp-content\/uploads\/2024\/11\/muladhara-chakra-300x300.png",300,300,true],"woocommerce_single":["https:\/\/karmeyoga.com\/wp-content\/uploads\/2024\/11\/muladhara-chakra-600x600.png",600,600,true],"woocommerce_gallery_thumbnail":["https:\/\/karmeyoga.com\/wp-content\/uploads\/2024\/11\/muladhara-chakra-100x100.png",100,100,true]},"uagb_author_info":{"display_name":"admin","author_link":"https:\/\/karmeyoga.com\/index.php\/author\/"},"uagb_comment_info":0,"uagb_excerpt":"Descubre la Armon\u00eda del Primer Chakra: Muladhara \u00a1Hola amantes del bienestar! \ud83c\udf3f\u2728 Te invito a sumergirte en una experiencia transformadora con nuestra pr\u00e1ctica de yoga enfocada en el primer chakra, Muladhara, tambi\u00e9n conocido como el chakra ra\u00edz.","jetpack_sharing_enabled":true,"_links":{"self":[{"href":"https:\/\/karmeyoga.com\/index.php\/wp-json\/wp\/v2\/product\/1798","targetHints":{"allow":["GET"]}}],"collection":[{"href":"https:\/\/karmeyoga.com\/index.php\/wp-json\/wp\/v2\/product"}],"about":[{"href":"https:\/\/karmeyoga.com\/index.php\/wp-json\/wp\/v2\/types\/product"}],"replies":[{"embeddable":true,"href":"https:\/\/karmeyoga.com\/index.php\/wp-json\/wp\/v2\/comments?post=1798"}],"wp:featuredmedia":[{"embeddable":true,"href":"https:\/\/karmeyoga.com\/index.php\/wp-json\/wp\/v2\/media\/1800"}],"wp:attachment":[{"href":"https:\/\/karmeyoga.com\/index.php\/wp-json\/wp\/v2\/media?parent=1798"}],"wp:term":[{"taxonomy":"product_brand","embeddable":true,"href":"https:\/\/karmeyoga.com\/index.php\/wp-json\/wp\/v2\/product_brand?post=1798"},{"taxonomy":"product_cat","embeddable":true,"href":"https:\/\/karmeyoga.com\/index.php\/wp-json\/wp\/v2\/product_cat?post=1798"},{"taxonomy":"product_tag","embeddable":true,"href":"https:\/\/karmeyoga.com\/index.php\/wp-json\/wp\/v2\/product_tag?post=1798"}],"curies":[{"name":"wp","href":"https:\/\/api.w.org\/{rel}","templated":true}]}}