{"id":1767,"date":"2024-10-04T11:45:51","date_gmt":"2024-10-04T11:45:51","guid":{"rendered":"https:\/\/karmeyoga.com\/?post_type=product&#038;p=1767"},"modified":"2025-03-30T17:45:08","modified_gmt":"2025-03-30T17:45:08","slug":"clases-de-yoga-con-silla","status":"publish","type":"product","link":"https:\/\/karmeyoga.com\/index.php\/producto\/clases-de-yoga-con-silla\/","title":{"rendered":"Clases de YOGA CON SILLA"},"content":{"rendered":"<div>\n<div>\n<p>\u00a1Emb\u00e1rcate en un viaje de bienestar y serenidad todos los jueves de marzo!<\/p>\n<\/div>\n<div>\n<p>\u00bfBuscas una forma accesible y efectiva de mejorar tu salud y bienestar? \u00a1No busques m\u00e1s! Te invitamos a unirte a nuestro ciclo de cuatro pr\u00e1cticas de Yoga con Silla en Belotus Yoga, dise\u00f1ado para todas las edades y niveles de experiencia.<\/p>\n<\/div>\n<div>\n<p>\u00bfPor qu\u00e9 Yoga con Silla?<\/p>\n<\/div>\n<ul>\n<li>Accesibilidad: Ideal para personas con movilidad reducida o para quienes prefieren una pr\u00e1ctica m\u00e1s suave.<\/li>\n<li>Versatilidad: Perfecto para principiantes y yoguis experimentados que buscan variar su rutina.<\/li>\n<li>Beneficios para la salud: Mejora la flexibilidad, fortalece el cuerpo y promueve la relajaci\u00f3n mental.<\/li>\n<\/ul>\n<div>\n<p>Detalles del Ciclo<\/p>\n<\/div>\n<ul>\n<li>Fechas: Todos los jueves de marzo<\/li>\n<li>Centro: Belotus Yoga &#8211; RUB\u00cd<\/li>\n<li>Duraci\u00f3n de cada clase: 75 Min.<\/li>\n<li>Horarios: 18:45h<\/li>\n<\/ul>\n<div>\n<p>\u00bfQu\u00e9 puedes esperar?<\/p>\n<\/div>\n<ul>\n<li>Instructora calificada: Te guiare paso a paso, asegur\u00e1ndote una experiencia segura y enriquecedora.<\/li>\n<li>Ambiente acogedor: Un espacio tranquilo y amigable donde podr\u00e1s desconectar del estr\u00e9s diario.<\/li>\n<li>Comunidad vibrante: Conecta con otros participantes que comparten tu inter\u00e9s por el bienestar.<\/li>\n<\/ul>\n<div>\n<p>\u00a1Reserva tu silla hoy!<\/p>\n<\/div>\n<div>\n<p>Las plazas son limitadas, as\u00ed que aseg\u00farate de reservar tu espacio para no perderte esta oportunidad \u00fanica de explorar el Yoga con Silla.<\/p>\n<\/div>\n<div>\n<p>Para m\u00e1s informaci\u00f3n y reservas, directamente en mi web, sino formas parte de la familia Belotus.<\/p>\n<\/div>\n<div>\n<p>Ahhh y si comentas YOGASILLA, recibir\u00e1s una promo, que te va ha encantar.<\/p>\n<\/div>\n<div>\n<p>\u00a1Te esperamos para compartir juntos esta nueva experiencia, cada jueves de marzo!<\/p>\n<\/div>\n<\/div>\n<h4><\/h4>\n<h4><\/h4>\n<h4><\/h4>\n<h4><\/h4>\n<h4><\/h4>\n<p>&nbsp;<\/p>\n","protected":false},"excerpt":{"rendered":"<h3><strong>\u00danete a nuestras Clases de Yoga con Silla en Marzo y Conecta con tu Bienestar<\/strong><\/h3>\n<p>&nbsp;<\/p>\n<p>\u00bfQuieres disfrutar de los beneficios del <strong>yoga<\/strong> de una manera accesible y segura?<\/p>\n<p>\u00a1En Marzo, te invitamos a probar nuestras <strong>clases de Yoga con silla<\/strong> ! Perfectas para cualquier persona que busque mejorar su <strong>flexibilidad<\/strong> , <strong>fuerza<\/strong> y <strong>\u200b\u200bequilibrio<\/strong> , sin importar su nivel de experiencia o condici\u00f3n f\u00edsica. El <strong>Yoga con silla<\/strong> es ideal para personas mayores, aquellos con movilidad reducida o quienes desean una pr\u00e1ctica suave pero efectiva para su <strong>bienestar f\u00edsico y mental<\/strong> .<\/p>\n<h4>\u00bfPor qu\u00e9 practicar Yoga con Silla?<\/h4>\n<p>&nbsp;<\/p>\n<ul>\n<li><strong>Mejora la postura<\/strong> y la alineaci\u00f3n de la columna.<\/li>\n<li>Aumente la <strong>flexibilidad<\/strong> y <strong>movilidad articular<\/strong> sin forzar el cuerpo.<\/li>\n<li>Fortalece los m\u00fasculos, especialmente en las piernas y el n\u00facleo.<\/li>\n<li>Reduce el <strong>estr\u00e9s<\/strong> y la ansiedad a trav\u00e9s de la <strong>respiraci\u00f3n consciente<\/strong> .<\/li>\n<li>Ideal para personas que buscan un enfoque accesible al <strong>yoga para el bienestar<\/strong> .<\/li>\n<\/ul>\n<p>En nuestras clases, utilizamos la silla como apoyo para realizar posturas de yoga, permitiendo que disfrutes de una pr\u00e1ctica segura, efectiva y adaptada a tus necesidades. Ya seas que seas principiante o tengas experiencia en el yoga, el <strong>Yoga con silla<\/strong> te permitir\u00e1 reconectar con tu cuerpo, mejorar tu movilidad y encontrar un espacio de relajaci\u00f3n y paz interior.<\/p>\n<p>Te animas!!!!!<\/p>\n","protected":false},"featured_media":1883,"comment_status":"open","ping_status":"closed","template":"","meta":{"_uag_custom_page_level_css":"","site-sidebar-layout":"default","site-content-layout":"","ast-site-content-layout":"default","site-content-style":"default","site-sidebar-style":"default","ast-global-header-display":"","ast-banner-title-visibility":"","ast-main-header-display":"","ast-hfb-above-header-display":"","ast-hfb-below-header-display":"","ast-hfb-mobile-header-display":"","site-post-title":"","ast-breadcrumbs-content":"","ast-featured-img":"","footer-sml-layout":"","ast-disable-related-posts":"","theme-transparent-header-meta":"default","adv-header-id-meta":"","stick-header-meta":"","header-above-stick-meta":"","header-main-stick-meta":"","header-below-stick-meta":"","astra-migrate-meta-layouts":"set","ast-page-background-enabled":"default","ast-page-background-meta":{"desktop":{"background-color":"","background-image":"","background-repeat":"repeat","background-position":"center center","background-size":"auto","background-attachment":"scroll","background-type":"","background-media":"","overlay-type":"","overlay-color":"","overlay-opacity":"","overlay-gradient":""},"tablet":{"background-color":"","background-image":"","background-repeat":"repeat","background-position":"center center","background-size":"auto","background-attachment":"scroll","background-type":"","background-media":"","overlay-type":"","overlay-color":"","overlay-opacity":"","overlay-gradient":""},"mobile":{"background-color":"","background-image":"","background-repeat":"repeat","background-position":"center center","background-size":"auto","background-attachment":"scroll","background-type":"","background-media":"","overlay-type":"","overlay-color":"","overlay-opacity":"","overlay-gradient":""}},"ast-content-background-meta":{"desktop":{"background-color":"var(--ast-global-color-5)","background-image":"","background-repeat":"repeat","background-position":"center center","background-size":"auto","background-attachment":"scroll","background-type":"","background-media":"","overlay-type":"","overlay-color":"","overlay-opacity":"","overlay-gradient":""},"tablet":{"background-color":"var(--ast-global-color-5)","background-image":"","background-repeat":"repeat","background-position":"center center","background-size":"auto","background-attachment":"scroll","background-type":"","background-media":"","overlay-type":"","overlay-color":"","overlay-opacity":"","overlay-gradient":""},"mobile":{"background-color":"var(--ast-global-color-5)","background-image":"","background-repeat":"repeat","background-position":"center center","background-size":"auto","background-attachment":"scroll","background-type":"","background-media":"","overlay-type":"","overlay-color":"","overlay-opacity":"","overlay-gradient":""}},"advanced_seo_description":"","jetpack_seo_html_title":"","jetpack_seo_noindex":false},"product_brand":[],"product_cat":[45],"product_tag":[],"class_list":{"0":"post-1767","1":"product","2":"type-product","3":"status-publish","4":"has-post-thumbnail","6":"product_cat-clases","7":"desktop-align-left","8":"tablet-align-left","9":"mobile-align-left","11":"first","12":"outofstock","13":"taxable","14":"shipping-taxable","15":"purchasable","16":"product-type-variable"},"uagb_featured_image_src":{"full":["https:\/\/karmeyoga.com\/wp-content\/uploads\/2024\/10\/Reserva-tu-Silla-Historia-Post-de-Instagram-Portada-Reel-1.png",1080,1080,false],"thumbnail":["https:\/\/karmeyoga.com\/wp-content\/uploads\/2024\/10\/Reserva-tu-Silla-Historia-Post-de-Instagram-Portada-Reel-1-150x150.png",150,150,true],"medium":["https:\/\/karmeyoga.com\/wp-content\/uploads\/2024\/10\/Reserva-tu-Silla-Historia-Post-de-Instagram-Portada-Reel-1-300x300.png",300,300,true],"medium_large":["https:\/\/karmeyoga.com\/wp-content\/uploads\/2024\/10\/Reserva-tu-Silla-Historia-Post-de-Instagram-Portada-Reel-1-768x768.png",768,768,true],"large":["https:\/\/karmeyoga.com\/wp-content\/uploads\/2024\/10\/Reserva-tu-Silla-Historia-Post-de-Instagram-Portada-Reel-1-1024x1024.png",1024,1024,true],"1536x1536":["https:\/\/karmeyoga.com\/wp-content\/uploads\/2024\/10\/Reserva-tu-Silla-Historia-Post-de-Instagram-Portada-Reel-1.png",1080,1080,false],"2048x2048":["https:\/\/karmeyoga.com\/wp-content\/uploads\/2024\/10\/Reserva-tu-Silla-Historia-Post-de-Instagram-Portada-Reel-1.png",1080,1080,false],"mailpoet_newsletter_max":["https:\/\/karmeyoga.com\/wp-content\/uploads\/2024\/10\/Reserva-tu-Silla-Historia-Post-de-Instagram-Portada-Reel-1.png",1080,1080,false],"woocommerce_thumbnail":["https:\/\/karmeyoga.com\/wp-content\/uploads\/2024\/10\/Reserva-tu-Silla-Historia-Post-de-Instagram-Portada-Reel-1-300x300.png",300,300,true],"woocommerce_single":["https:\/\/karmeyoga.com\/wp-content\/uploads\/2024\/10\/Reserva-tu-Silla-Historia-Post-de-Instagram-Portada-Reel-1-600x600.png",600,600,true],"woocommerce_gallery_thumbnail":["https:\/\/karmeyoga.com\/wp-content\/uploads\/2024\/10\/Reserva-tu-Silla-Historia-Post-de-Instagram-Portada-Reel-1-100x100.png",100,100,true]},"uagb_author_info":{"display_name":"admin","author_link":"https:\/\/karmeyoga.com\/index.php\/author\/"},"uagb_comment_info":0,"uagb_excerpt":"\u00danete a nuestras Clases de Yoga con Silla en Marzo y Conecta con tu Bienestar &nbsp; \u00bfQuieres disfrutar de los beneficios del yoga de una manera accesible y segura? \u00a1En Marzo, te invitamos a probar nuestras clases de Yoga con silla ! Perfectas para cualquier persona que busque mejorar su flexibilidad , fuerza y \u200b\u200bequilibrio&hellip;","jetpack_sharing_enabled":true,"_links":{"self":[{"href":"https:\/\/karmeyoga.com\/index.php\/wp-json\/wp\/v2\/product\/1767","targetHints":{"allow":["GET"]}}],"collection":[{"href":"https:\/\/karmeyoga.com\/index.php\/wp-json\/wp\/v2\/product"}],"about":[{"href":"https:\/\/karmeyoga.com\/index.php\/wp-json\/wp\/v2\/types\/product"}],"replies":[{"embeddable":true,"href":"https:\/\/karmeyoga.com\/index.php\/wp-json\/wp\/v2\/comments?post=1767"}],"wp:featuredmedia":[{"embeddable":true,"href":"https:\/\/karmeyoga.com\/index.php\/wp-json\/wp\/v2\/media\/1883"}],"wp:attachment":[{"href":"https:\/\/karmeyoga.com\/index.php\/wp-json\/wp\/v2\/media?parent=1767"}],"wp:term":[{"taxonomy":"product_brand","embeddable":true,"href":"https:\/\/karmeyoga.com\/index.php\/wp-json\/wp\/v2\/product_brand?post=1767"},{"taxonomy":"product_cat","embeddable":true,"href":"https:\/\/karmeyoga.com\/index.php\/wp-json\/wp\/v2\/product_cat?post=1767"},{"taxonomy":"product_tag","embeddable":true,"href":"https:\/\/karmeyoga.com\/index.php\/wp-json\/wp\/v2\/product_tag?post=1767"}],"curies":[{"name":"wp","href":"https:\/\/api.w.org\/{rel}","templated":true}]}}

<div>
<div>
<p>¡Embárcate en un viaje de bienestar y serenidad todos los jueves de marzo!</p>
</div>
<div>
<p>¿Buscas una forma accesible y efectiva de mejorar tu salud y bienestar? ¡No busques más! Te invitamos a unirte a nuestro ciclo de cuatro prácticas de Yoga con Silla en Belotus Yoga, diseñado para todas las edades y niveles de experiencia.</p>
</div>
<div>
<p>¿Por qué Yoga con Silla?</p>
</div>
<ul>
<li>Accesibilidad: Ideal para personas con movilidad reducida o para quienes prefieren una práctica más suave.</li>
<li>Versatilidad: Perfecto para principiantes y yoguis experimentados que buscan variar su rutina.</li>
<li>Beneficios para la salud: Mejora la flexibilidad, fortalece el cuerpo y promueve la relajación mental.</li>
</ul>
<div>
<p>Detalles del Ciclo</p>
</div>
<ul>
<li>Fechas: Todos los jueves de marzo</li>
<li>Centro: Belotus Yoga &#8211; RUBÍ</li>
<li>Duración de cada clase: 75 Min.</li>
<li>Horarios: 18:45h</li>
</ul>
<div>
<p>¿Qué puedes esperar?</p>
</div>
<ul>
<li>Instructora calificada: Te guiare paso a paso, asegurándote una experiencia segura y enriquecedora.</li>
<li>Ambiente acogedor: Un espacio tranquilo y amigable donde podrás desconectar del estrés diario.</li>
<li>Comunidad vibrante: Conecta con otros participantes que comparten tu interés por el bienestar.</li>
</ul>
<div>
<p>¡Reserva tu silla hoy!</p>
</div>
<div>
<p>Las plazas son limitadas, así que asegúrate de reservar tu espacio para no perderte esta oportunidad única de explorar el Yoga con Silla.</p>
</div>
<div>
<p>Para más información y reservas, directamente en mi web, sino formas parte de la familia Belotus.</p>
</div>
<div>
<p>Ahhh y si comentas YOGASILLA, recibirás una promo, que te va ha encantar.</p>
</div>
<div>
<p>¡Te esperamos para compartir juntos esta nueva experiencia, cada jueves de marzo!</p>
</div>
</div>
<h4></h4>
<h4></h4>
<h4></h4>
<h4></h4>
<h4></h4>
<p>&nbsp;</p>

<h3><strong>Únete a nuestras Clases de Yoga con Silla en Marzo y Conecta con tu Bienestar</strong></h3>
<p>&nbsp;</p>
<p>¿Quieres disfrutar de los beneficios del <strong>yoga</strong> de una manera accesible y segura?</p>
<p>¡En Marzo, te invitamos a probar nuestras <strong>clases de Yoga con silla</strong> ! Perfectas para cualquier persona que busque mejorar su <strong>flexibilidad</strong> , <strong>fuerza</strong> y <strong>​​equilibrio</strong> , sin importar su nivel de experiencia o condición física. El <strong>Yoga con silla</strong> es ideal para personas mayores, aquellos con movilidad reducida o quienes desean una práctica suave pero efectiva para su <strong>bienestar físico y mental</strong> .</p>
<h4>¿Por qué practicar Yoga con Silla?</h4>
<p>&nbsp;</p>
<ul>
<li><strong>Mejora la postura</strong> y la alineación de la columna.</li>
<li>Aumente la <strong>flexibilidad</strong> y <strong>movilidad articular</strong> sin forzar el cuerpo.</li>
<li>Fortalece los músculos, especialmente en las piernas y el núcleo.</li>
<li>Reduce el <strong>estrés</strong> y la ansiedad a través de la <strong>respiración consciente</strong> .</li>
<li>Ideal para personas que buscan un enfoque accesible al <strong>yoga para el bienestar</strong> .</li>
</ul>
<p>En nuestras clases, utilizamos la silla como apoyo para realizar posturas de yoga, permitiendo que disfrutes de una práctica segura, efectiva y adaptada a tus necesidades. Ya seas que seas principiante o tengas experiencia en el yoga, el <strong>Yoga con silla</strong> te permitirá reconectar con tu cuerpo, mejorar tu movilidad y encontrar un espacio de relajación y paz interior.</p>
<p>Te animas!!!!!</p>

Únete a nuestras Clases de Yoga con Silla en Marzo y Conecta con tu Bienestar &nbsp; ¿Quieres disfrutar de los beneficios del yoga de una manera accesible y segura? ¡En Marzo, te invitamos a probar nuestras clases de Yoga con silla ! Perfectas para cualquier persona que busque mejorar su flexibilidad , fuerza y ​​equilibrio&hellip;
