{"id":1448,"date":"2023-12-03T12:25:35","date_gmt":"2023-12-03T12:25:35","guid":{"rendered":"https:\/\/karmeyoga.com\/?post_type=product&#038;p=1448"},"modified":"2024-07-08T07:54:26","modified_gmt":"2024-07-08T07:54:26","slug":"japa-mala-equilibrio","status":"publish","type":"product","link":"https:\/\/karmeyoga.com\/index.php\/producto\/japa-mala-equilibrio\/","title":{"rendered":"Japa Mala &#8211; Yo soy Equilibrio"},"content":{"rendered":"<p><strong>JAPA MALA &#8211; YO SOY EQUILIBRIO<\/strong><\/p>\n<p>Japa Mala de 108 cuentas + Piedra Gur\u00fa de Piedra Luna, con borla dorada.<\/p>\n<p>Es la piedra de la mujer por sus propiedades m\u00e1gicas, en algunos pa\u00edses, las mujeres que deseaban quedar embarazadas cos\u00edan a su vestimenta piedras de Luna y lo usaban durante la Luna llena.<\/p>\n<p><strong><b>Energ\u00eda de sanaci\u00f3n f\u00edsica<\/b><\/strong>: esta piedra se encarga de impulsar las fuerzas biol\u00f3gicas del cuerpo, es decir, promueve la fertilidad, el parto y alivia los dolores menstruales. Adem\u00e1s, ayuda a combatir condiciones degenerativas en la piel, los ojos y el cabello.<\/p>\n<p><strong><b>Energ\u00eda de sanaci\u00f3n emocional<\/b><\/strong>: la\u00a0<strong><b>Piedra de Luna<\/b><\/strong>\u00a0ayuda a relajar la mente y el cuerpo, tambi\u00e9n ayuda a dominar las emociones para expresarte de manera correcta.<\/p>\n<p><strong><b>Sanaci\u00f3n de chakras y energ\u00eda de equilibrio<\/b><\/strong>: afecta directamente el chakra corona, y el centro espiritual, logrando que entre al cuerpo concentraci\u00f3n, sabidur\u00eda y paz.<\/p>\n<p><strong><b>Energ\u00eda espiritual<\/b><\/strong>: usar esta piedra era sin\u00f3nimo de esperanza y fe, por esa raz\u00f3n, en la India era muy empleada, debido que se consideraba que representaba su esperanza.<\/p>\n<p><strong><b>Amuletos y talismanes<\/b><\/strong>: desde hace muchos a\u00f1os, la\u00a0<strong><b>Piedra de Luna<\/b><\/strong>\u00a0era considerada un talism\u00e1n.<\/p>\n<p>Esta piedra tambi\u00e9n es asociada con los negocios, la protecci\u00f3n, la buena suerte y el amor apasionado.<\/p>\n<p>Si a todo esto, le a\u00f1adimos el un mantra personalizado, como Yo soy equilibrio.<\/p>\n<p>Nos aporta concentraci\u00f3n, sabidur\u00eda y paz<\/p>\n<p>Son piezas realizadas a mano y cada mineral, es \u00fanico.<\/p>\n<p>Donde le pongo todo mi amor, cada vez que lo plante\u00f3, monto, anudo bien y lo m\u00e1s importante lo realiz\u00f3 serena, tranquila, dedic\u00e1ndole el tiempo suficiente para hacerlo sin prisas.<\/p>\n<p>El mejor regalo que puedes recibir o incluso auto regalarte. Porque no hay nada m\u00e1s importante que quererse a uno mismo.<\/p>\n<p>Anudado entre cuentas, artesanalmente.<\/p>\n<p>Medidas : Largo 42 cm, aprox. &#8211; Largo con borla incluida 53 cm aprox..<\/p>\n<p>Recuerda, que cada mineral es una pieza \u00fanica y exclusiva, como lo eres t\u00fa.<\/p>\n<p>Namaste y feliz d\u00eda.<\/p>\n","protected":false},"excerpt":{"rendered":"<p><strong>Caracter\u00edsticas de un Japa Mala Aut\u00e9ntico<\/strong><\/p>\n<p>Un Japa Mala aut\u00e9ntico debe cumplir ciertas caracter\u00edsticas para ser considerado un objeto sagrado y adecuado para la pr\u00e1ctica espiritual. A continuaci\u00f3n, se presentan algunas de las caracter\u00edsticas que se deben buscar en un Japa Mala aut\u00e9ntico:<\/p>\n<ul>\n<li><strong>Est\u00e1 hecho de materiales naturales:<\/strong>\u00a0un Japa Mala aut\u00e9ntico debe estar hecho de materiales naturales como semillas, madera, hueso, piedra o cristal. Estos materiales tienen propiedades energ\u00e9ticas y simb\u00f3licas que pueden ayudar en la meditaci\u00f3n.<\/li>\n<li><strong>Tiene 108 cuentas:<\/strong>\u00a0el n\u00famero 108 es considerado sagrado en muchas tradiciones espirituales y por lo tanto, un Japa Mala aut\u00e9ntico debe tener 108 cuentas. Sin embargo, algunos malas pueden tener un n\u00famero diferente de cuentas seg\u00fan la tradici\u00f3n a la que pertenezcan y no ser menos malas. Es importante tener en cuenta el contexto de cada uno.<\/li>\n<li><strong>Tiene una cuenta m\u00e1s grande:<\/strong>\u00a0el Japa Mala tiene una cuenta m\u00e1s grande, llamada \u00abgur\u00fa\u00bb o \u00abmeru\u00bb, que marca el comienzo y el final de las repeticiones de mantras.<\/li>\n<li><strong>Est\u00e1 hecho a mano<\/strong>: un Japa Mala aut\u00e9ntico debe estar hecho a mano con cuidado y dedicaci\u00f3n. Las cuentas deben estar enhebradas de manera uniforme y las uniones deben ser seguras.<\/li>\n<li><strong>Tiene una energ\u00eda positiva:<\/strong>\u00a0un Japa Mala aut\u00e9ntico debe sentirse energ\u00e9ticamente positivo y vibrante. Esto significa que las cuentas deben tener una buena calidad y las energ\u00edas de los materiales deben ser equilibradas.<\/li>\n<\/ul>\n","protected":false},"featured_media":1449,"comment_status":"open","ping_status":"closed","template":"","meta":{"_uag_custom_page_level_css":"","site-sidebar-layout":"default","site-content-layout":"","ast-site-content-layout":"default","site-content-style":"default","site-sidebar-style":"default","ast-global-header-display":"","ast-banner-title-visibility":"","ast-main-header-display":"","ast-hfb-above-header-display":"","ast-hfb-below-header-display":"","ast-hfb-mobile-header-display":"","site-post-title":"","ast-breadcrumbs-content":"","ast-featured-img":"","footer-sml-layout":"","ast-disable-related-posts":"","theme-transparent-header-meta":"default","adv-header-id-meta":"","stick-header-meta":"","header-above-stick-meta":"","header-main-stick-meta":"","header-below-stick-meta":"","astra-migrate-meta-layouts":"set","ast-page-background-enabled":"default","ast-page-background-meta":{"desktop":{"background-color":"","background-image":"","background-repeat":"repeat","background-position":"center center","background-size":"auto","background-attachment":"scroll","background-type":"","background-media":"","overlay-type":"","overlay-color":"","overlay-opacity":"","overlay-gradient":""},"tablet":{"background-color":"","background-image":"","background-repeat":"repeat","background-position":"center center","background-size":"auto","background-attachment":"scroll","background-type":"","background-media":"","overlay-type":"","overlay-color":"","overlay-opacity":"","overlay-gradient":""},"mobile":{"background-color":"","background-image":"","background-repeat":"repeat","background-position":"center center","background-size":"auto","background-attachment":"scroll","background-type":"","background-media":"","overlay-type":"","overlay-color":"","overlay-opacity":"","overlay-gradient":""}},"ast-content-background-meta":{"desktop":{"background-color":"var(--ast-global-color-5)","background-image":"","background-repeat":"repeat","background-position":"center center","background-size":"auto","background-attachment":"scroll","background-type":"","background-media":"","overlay-type":"","overlay-color":"","overlay-opacity":"","overlay-gradient":""},"tablet":{"background-color":"var(--ast-global-color-5)","background-image":"","background-repeat":"repeat","background-position":"center center","background-size":"auto","background-attachment":"scroll","background-type":"","background-media":"","overlay-type":"","overlay-color":"","overlay-opacity":"","overlay-gradient":""},"mobile":{"background-color":"var(--ast-global-color-5)","background-image":"","background-repeat":"repeat","background-position":"center center","background-size":"auto","background-attachment":"scroll","background-type":"","background-media":"","overlay-type":"","overlay-color":"","overlay-opacity":"","overlay-gradient":""}},"advanced_seo_description":"","jetpack_seo_html_title":"","jetpack_seo_noindex":false},"product_brand":[],"product_cat":[29],"product_tag":[],"class_list":{"0":"post-1448","1":"product","2":"type-product","3":"status-publish","4":"has-post-thumbnail","6":"product_cat-japamala","7":"product_shipping_class-envio-espana-y-peninsula-de-50-a-100-g","8":"desktop-align-left","9":"tablet-align-left","10":"mobile-align-left","12":"first","13":"instock","14":"featured","15":"taxable","16":"shipping-taxable","17":"purchasable","18":"product-type-simple"},"uagb_featured_image_src":{"full":["https:\/\/karmeyoga.com\/wp-content\/uploads\/2023\/12\/MALA-PIEDRA-LUNA.jpg",2048,2048,false],"thumbnail":["https:\/\/karmeyoga.com\/wp-content\/uploads\/2023\/12\/MALA-PIEDRA-LUNA-150x150.jpg",150,150,true],"medium":["https:\/\/karmeyoga.com\/wp-content\/uploads\/2023\/12\/MALA-PIEDRA-LUNA-300x300.jpg",300,300,true],"medium_large":["https:\/\/karmeyoga.com\/wp-content\/uploads\/2023\/12\/MALA-PIEDRA-LUNA-768x768.jpg",768,768,true],"large":["https:\/\/karmeyoga.com\/wp-content\/uploads\/2023\/12\/MALA-PIEDRA-LUNA-1024x1024.jpg",1024,1024,true],"1536x1536":["https:\/\/karmeyoga.com\/wp-content\/uploads\/2023\/12\/MALA-PIEDRA-LUNA-1536x1536.jpg",1536,1536,true],"2048x2048":["https:\/\/karmeyoga.com\/wp-content\/uploads\/2023\/12\/MALA-PIEDRA-LUNA.jpg",2048,2048,false],"mailpoet_newsletter_max":["https:\/\/karmeyoga.com\/wp-content\/uploads\/2023\/12\/MALA-PIEDRA-LUNA-1320x1320.jpg",1320,1320,true],"woocommerce_thumbnail":["https:\/\/karmeyoga.com\/wp-content\/uploads\/2023\/12\/MALA-PIEDRA-LUNA-300x300.jpg",300,300,true],"woocommerce_single":["https:\/\/karmeyoga.com\/wp-content\/uploads\/2023\/12\/MALA-PIEDRA-LUNA-600x600.jpg",600,600,true],"woocommerce_gallery_thumbnail":["https:\/\/karmeyoga.com\/wp-content\/uploads\/2023\/12\/MALA-PIEDRA-LUNA-100x100.jpg",100,100,true]},"uagb_author_info":{"display_name":"admin","author_link":"https:\/\/karmeyoga.com\/index.php\/author\/"},"uagb_comment_info":0,"uagb_excerpt":"Caracter\u00edsticas de un Japa Mala Aut\u00e9ntico Un Japa Mala aut\u00e9ntico debe cumplir ciertas caracter\u00edsticas para ser considerado un objeto sagrado y adecuado para la pr\u00e1ctica espiritual. A continuaci\u00f3n, se presentan algunas de las caracter\u00edsticas que se deben buscar en un Japa Mala aut\u00e9ntico: Est\u00e1 hecho de materiales naturales:\u00a0un Japa Mala aut\u00e9ntico debe estar hecho de&hellip;","jetpack_sharing_enabled":true,"_links":{"self":[{"href":"https:\/\/karmeyoga.com\/index.php\/wp-json\/wp\/v2\/product\/1448","targetHints":{"allow":["GET"]}}],"collection":[{"href":"https:\/\/karmeyoga.com\/index.php\/wp-json\/wp\/v2\/product"}],"about":[{"href":"https:\/\/karmeyoga.com\/index.php\/wp-json\/wp\/v2\/types\/product"}],"replies":[{"embeddable":true,"href":"https:\/\/karmeyoga.com\/index.php\/wp-json\/wp\/v2\/comments?post=1448"}],"wp:featuredmedia":[{"embeddable":true,"href":"https:\/\/karmeyoga.com\/index.php\/wp-json\/wp\/v2\/media\/1449"}],"wp:attachment":[{"href":"https:\/\/karmeyoga.com\/index.php\/wp-json\/wp\/v2\/media?parent=1448"}],"wp:term":[{"taxonomy":"product_brand","embeddable":true,"href":"https:\/\/karmeyoga.com\/index.php\/wp-json\/wp\/v2\/product_brand?post=1448"},{"taxonomy":"product_cat","embeddable":true,"href":"https:\/\/karmeyoga.com\/index.php\/wp-json\/wp\/v2\/product_cat?post=1448"},{"taxonomy":"product_tag","embeddable":true,"href":"https:\/\/karmeyoga.com\/index.php\/wp-json\/wp\/v2\/product_tag?post=1448"}],"curies":[{"name":"wp","href":"https:\/\/api.w.org\/{rel}","templated":true}]}}