{"id":1337,"date":"2023-12-02T16:15:28","date_gmt":"2023-12-02T16:15:28","guid":{"rendered":"https:\/\/karmeyoga.com\/?page_id=1337"},"modified":"2025-02-25T10:05:20","modified_gmt":"2025-02-25T10:05:20","slug":"talleres","status":"publish","type":"page","link":"https:\/\/karmeyoga.com\/index.php\/talleres\/","title":{"rendered":"Talleres"},"content":{"rendered":"\n<div class=\"wp-block-uagb-image uagb-block-a0891b4b wp-block-uagb-image--layout-overlay wp-block-uagb-image--effect-static wp-block-uagb-image--align-none\"><figure class=\"wp-block-uagb-image__figure\"><img decoding=\"async\" srcset=\"https:\/\/karmeyoga.com\/wp-content\/uploads\/2023\/12\/planner-march-cool-backgrounds-4884740.jpg ,https:\/\/karmeyoga.com\/wp-content\/uploads\/2023\/12\/planner-march-cool-backgrounds-4884740.jpg 780w, https:\/\/karmeyoga.com\/wp-content\/uploads\/2023\/12\/planner-march-cool-backgrounds-4884740.jpg 360w\" sizes=\"auto, (max-width: 480px) 150px\" src=\"https:\/\/karmeyoga.com\/wp-content\/uploads\/2023\/12\/planner-march-cool-backgrounds-4884740.jpg\" alt=\"planner, march, cool backgrounds-4884740.jpg\" class=\"uag-image-1338\" width=\"1200\" height=\"662\" title=\"\" loading=\"lazy\" role=\"img\"\/><div class=\"wp-block-uagb-image--layout-overlay__color-wrapper\"><\/div><div class=\"wp-block-uagb-image--layout-overlay__inner center-center\"><\/div><\/figure><\/div>\n\n\n\n<p><\/p>\n\n\n\n<h1 class=\"wp-block-heading has-text-align-center has-ast-global-color-1-color has-text-color has-link-color has-large-font-size wp-elements-09d611a6415572f924e5e90ef5f186d9\"><strong>MARZO 2025<\/strong><\/h1>\n\n\n\n<p><\/p>\n\n\n\n<h3 class=\"wp-block-heading has-ast-global-color-1-color has-text-color has-link-color wp-elements-ed37128c49d5f84c9bd1995de179ccdf\"><strong>TODOS LOS JUEVES &#8211; YOGA CON SILLA<\/strong><\/h3>\n\n\n\n<div class=\"wp-block-columns is-layout-flex wp-container-core-columns-is-layout-28f84493 wp-block-columns-is-layout-flex\">\n<div class=\"wp-block-column is-layout-flow wp-block-column-is-layout-flow\" style=\"flex-basis:33.33%\">\n<figure class=\"wp-block-image size-large\"><img loading=\"lazy\" decoding=\"async\" width=\"576\" height=\"1024\" src=\"https:\/\/karmeyoga.com\/wp-content\/uploads\/2025\/02\/Imagen-de-WhatsApp-2025-02-19-a-las-19.24.20_d2f56ce0-edited-576x1024.jpg\" alt=\"\" class=\"wp-image-1905\" srcset=\"https:\/\/karmeyoga.com\/wp-content\/uploads\/2025\/02\/Imagen-de-WhatsApp-2025-02-19-a-las-19.24.20_d2f56ce0-edited-576x1024.jpg 576w, https:\/\/karmeyoga.com\/wp-content\/uploads\/2025\/02\/Imagen-de-WhatsApp-2025-02-19-a-las-19.24.20_d2f56ce0-edited-169x300.jpg 169w, https:\/\/karmeyoga.com\/wp-content\/uploads\/2025\/02\/Imagen-de-WhatsApp-2025-02-19-a-las-19.24.20_d2f56ce0-edited-600x1066.jpg 600w, https:\/\/karmeyoga.com\/wp-content\/uploads\/2025\/02\/Imagen-de-WhatsApp-2025-02-19-a-las-19.24.20_d2f56ce0-edited.jpg 768w\" sizes=\"auto, (max-width: 576px) 100vw, 576px\" \/><\/figure>\n<\/div>\n\n\n\n<div class=\"wp-block-column is-layout-flow wp-block-column-is-layout-flow\" style=\"flex-basis:66.66%\">\n<p><strong>Practica Yoga con Silla en<\/strong> <strong>Belotus Yoga de RUB\u00cd<\/strong><\/p>\n\n\n\n<p><strong>\u00a1Emb\u00e1rcate en un viaje de bienestar y serenidad todos los jueves de marzo!<\/strong><\/p>\n\n\n\n<p>\u00bfBuscas una forma accesible y efectiva de mejorar tu salud y bienestar? \u00a1No busques m\u00e1s! Te invitamos a unirte a nuestro ciclo de <strong>cuatro pr\u00e1cticas de Yoga con Silla<\/strong> en Belotus Yoga, dise\u00f1ado para todas las edades y niveles de experiencia.<\/p>\n\n\n\n<p><strong>\u00bfPor qu\u00e9 Yoga con Silla?<\/strong><\/p>\n\n\n\n<ul class=\"wp-block-list\">\n<li><strong>Accesibilidad<\/strong>: Ideal para personas con movilidad reducida o para quienes prefieren una pr\u00e1ctica m\u00e1s suave.<\/li>\n\n\n\n<li><strong>Versatilidad<\/strong>: Perfecto para principiantes y yoguis experimentados que buscan variar su rutina.<\/li>\n\n\n\n<li><strong>Beneficios para la salud<\/strong>: Mejora la flexibilidad, fortalece el cuerpo y promueve la relajaci\u00f3n mental.<\/li>\n<\/ul>\n\n\n\n<p><strong>Detalles del Ciclo<\/strong><\/p>\n\n\n\n<ul class=\"wp-block-list\">\n<li><strong>Fechas<\/strong>: Todos los jueves de marzo<\/li>\n\n\n\n<li><strong>Centro<\/strong>: Belotus Yoga &#8211; RUB\u00cd<\/li>\n\n\n\n<li><strong>Duraci\u00f3n de cada clase<\/strong>: 75 Min.<\/li>\n\n\n\n<li><strong>Horarios<\/strong>: 18:45h<\/li>\n<\/ul>\n\n\n\n<p><strong>\u00bfQu\u00e9 puedes esperar?<\/strong><\/p>\n\n\n\n<ul class=\"wp-block-list\">\n<li><strong>Instructor<\/strong><strong>a<\/strong><strong> calificad<\/strong><strong>a<\/strong>: Te guiare paso a paso, asegur\u00e1ndote una experiencia segura y enriquecedora.<\/li>\n\n\n\n<li><strong>Ambiente acogedor<\/strong>: Un espacio tranquilo y amigable donde podr\u00e1s desconectar del estr\u00e9s diario.<\/li>\n\n\n\n<li><strong>Comunidad vibrante<\/strong>: Conecta con otros participantes que comparten tu inter\u00e9s por el bienestar.<\/li>\n<\/ul>\n\n\n\n<p><strong>\u00a1Reserva tu <\/strong><strong>silla<\/strong><strong> hoy!<\/strong><\/p>\n\n\n\n<p>Las plazas son limitadas, as\u00ed que aseg\u00farate de reservar tu espacio para no perderte esta oportunidad \u00fanica de explorar el Yoga con Silla.<\/p>\n\n\n\n<p>Para m\u00e1s informaci\u00f3n y reservas, directamente en mi web, sino formas parte de la familia Belotus.<\/p>\n\n\n\n<p>Ahhh y si comentas YOGASILLA, en mi reel de instagram, recibir\u00e1s una promo, que te va ha encantar.<\/p>\n\n\n\n<p><strong>\u00a1Te esperamos para compartir juntos <\/strong><strong>esta nueva experiencia,<\/strong><strong> cada jueves de marzo!<\/strong><\/p>\n<\/div>\n<\/div>\n\n\n\n<div class=\"wp-block-uagb-buttons uagb-buttons__outer-wrap uagb-btn__default-btn uagb-btn-tablet__default-btn uagb-btn-mobile__default-btn uagb-block-cf50c775\"><div class=\"uagb-buttons__wrap uagb-buttons-layout-wrap \">\n<div class=\"wp-block-uagb-buttons-child uagb-buttons__outer-wrap uagb-block-cf2b8e5c wp-block-button\"><div class=\"uagb-button__wrapper\"><a class=\"uagb-buttons-repeater wp-block-button__link\" aria-label=\"\" href=\"#https:\/\/karmeyoga.com\/index.php\/producto\/clases-de-yoga-con-silla\/\" rel=\"follow noopener\" target=\"_blank\" role=\"button\"><div class=\"uagb-button__link\">Reserva<\/div><\/a><\/div><\/div>\n<\/div><\/div>\n\n\n\n<p><\/p>\n","protected":false},"excerpt":{"rendered":"<p>MARZO 2025 TODOS LOS JUEVES &#8211; YOGA CON SILLA Practica Yoga con Silla en Belotus Yoga de RUB\u00cd \u00a1Emb\u00e1rcate en [&hellip;]<\/p>\n","protected":false},"author":1,"featured_media":0,"parent":0,"menu_order":0,"comment_status":"closed","ping_status":"closed","template":"","meta":{"_uag_custom_page_level_css":"","site-sidebar-layout":"default","site-content-layout":"","ast-site-content-layout":"default","site-content-style":"default","site-sidebar-style":"default","ast-global-header-display":"","ast-banner-title-visibility":"","ast-main-header-display":"","ast-hfb-above-header-display":"","ast-hfb-below-header-display":"","ast-hfb-mobile-header-display":"","site-post-title":"disabled","ast-breadcrumbs-content":"","ast-featured-img":"","footer-sml-layout":"","ast-disable-related-posts":"","theme-transparent-header-meta":"","adv-header-id-meta":"","stick-header-meta":"","header-above-stick-meta":"","header-main-stick-meta":"","header-below-stick-meta":"","astra-migrate-meta-layouts":"set","ast-page-background-enabled":"default","ast-page-background-meta":{"desktop":{"background-color":"","background-image":"","background-repeat":"repeat","background-position":"center center","background-size":"auto","background-attachment":"scroll","background-type":"","background-media":"","overlay-type":"","overlay-color":"","overlay-opacity":"","overlay-gradient":""},"tablet":{"background-color":"","background-image":"","background-repeat":"repeat","background-position":"center center","background-size":"auto","background-attachment":"scroll","background-type":"","background-media":"","overlay-type":"","overlay-color":"","overlay-opacity":"","overlay-gradient":""},"mobile":{"background-color":"","background-image":"","background-repeat":"repeat","background-position":"center center","background-size":"auto","background-attachment":"scroll","background-type":"","background-media":"","overlay-type":"","overlay-color":"","overlay-opacity":"","overlay-gradient":""}},"ast-content-background-meta":{"desktop":{"background-color":"var(--ast-global-color-5)","background-image":"","background-repeat":"repeat","background-position":"center center","background-size":"auto","background-attachment":"scroll","background-type":"","background-media":"","overlay-type":"","overlay-color":"","overlay-opacity":"","overlay-gradient":""},"tablet":{"background-color":"var(--ast-global-color-5)","background-image":"","background-repeat":"repeat","background-position":"center center","background-size":"auto","background-attachment":"scroll","background-type":"","background-media":"","overlay-type":"","overlay-color":"","overlay-opacity":"","overlay-gradient":""},"mobile":{"background-color":"var(--ast-global-color-5)","background-image":"","background-repeat":"repeat","background-position":"center center","background-size":"auto","background-attachment":"scroll","background-type":"","background-media":"","overlay-type":"","overlay-color":"","overlay-opacity":"","overlay-gradient":""}},"advanced_seo_description":"","jetpack_seo_html_title":"","jetpack_seo_noindex":false,"footnotes":""},"class_list":["post-1337","page","type-page","status-publish","hentry"],"uagb_featured_image_src":{"full":false,"thumbnail":false,"medium":false,"medium_large":false,"large":false,"1536x1536":false,"2048x2048":false,"mailpoet_newsletter_max":false,"woocommerce_thumbnail":false,"woocommerce_single":false,"woocommerce_gallery_thumbnail":false},"uagb_author_info":{"display_name":"admin","author_link":"https:\/\/karmeyoga.com\/index.php\/author\/admin\/"},"uagb_comment_info":0,"uagb_excerpt":"MARZO 2025 TODOS LOS JUEVES &#8211; YOGA CON SILLA Practica Yoga con Silla en Belotus Yoga de RUB\u00cd \u00a1Emb\u00e1rcate en [&hellip;]","jetpack_sharing_enabled":true,"_links":{"self":[{"href":"https:\/\/karmeyoga.com\/index.php\/wp-json\/wp\/v2\/pages\/1337","targetHints":{"allow":["GET"]}}],"collection":[{"href":"https:\/\/karmeyoga.com\/index.php\/wp-json\/wp\/v2\/pages"}],"about":[{"href":"https:\/\/karmeyoga.com\/index.php\/wp-json\/wp\/v2\/types\/page"}],"author":[{"embeddable":true,"href":"https:\/\/karmeyoga.com\/index.php\/wp-json\/wp\/v2\/users\/1"}],"replies":[{"embeddable":true,"href":"https:\/\/karmeyoga.com\/index.php\/wp-json\/wp\/v2\/comments?post=1337"}],"version-history":[{"count":9,"href":"https:\/\/karmeyoga.com\/index.php\/wp-json\/wp\/v2\/pages\/1337\/revisions"}],"predecessor-version":[{"id":1906,"href":"https:\/\/karmeyoga.com\/index.php\/wp-json\/wp\/v2\/pages\/1337\/revisions\/1906"}],"wp:attachment":[{"href":"https:\/\/karmeyoga.com\/index.php\/wp-json\/wp\/v2\/media?parent=1337"}],"curies":[{"name":"wp","href":"https:\/\/api.w.org\/{rel}","templated":true}]}}

<div class="wp-block-uagb-image uagb-block-a0891b4b wp-block-uagb-image--layout-overlay wp-block-uagb-image--effect-static wp-block-uagb-image--align-none"><figure class="wp-block-uagb-image__figure"><img decoding="async" srcset="https://karmeyoga.com/wp-content/uploads/2023/12/planner-march-cool-backgrounds-4884740.jpg ,https://karmeyoga.com/wp-content/uploads/2023/12/planner-march-cool-backgrounds-4884740.jpg 780w, https://karmeyoga.com/wp-content/uploads/2023/12/planner-march-cool-backgrounds-4884740.jpg 360w" sizes="auto, (max-width: 480px) 150px" src="https://karmeyoga.com/wp-content/uploads/2023/12/planner-march-cool-backgrounds-4884740.jpg" alt="planner, march, cool backgrounds-4884740.jpg" class="uag-image-1338" width="1200" height="662" title="" loading="lazy" role="img"/><div class="wp-block-uagb-image--layout-overlay__color-wrapper"></div><div class="wp-block-uagb-image--layout-overlay__inner center-center"></div></figure></div>



<p></p>



<h1 class="wp-block-heading has-text-align-center has-ast-global-color-1-color has-text-color has-link-color has-large-font-size wp-elements-09d611a6415572f924e5e90ef5f186d9"><strong>MARZO 2025</strong></h1>



<p></p>



<h3 class="wp-block-heading has-ast-global-color-1-color has-text-color has-link-color wp-elements-ed37128c49d5f84c9bd1995de179ccdf"><strong>TODOS LOS JUEVES &#8211; YOGA CON SILLA</strong></h3>



<div class="wp-block-columns is-layout-flex wp-container-core-columns-is-layout-28f84493 wp-block-columns-is-layout-flex">
<div class="wp-block-column is-layout-flow wp-block-column-is-layout-flow" style="flex-basis:33.33%">
<figure class="wp-block-image size-large"><img loading="lazy" decoding="async" width="576" height="1024" src="https://karmeyoga.com/wp-content/uploads/2025/02/Imagen-de-WhatsApp-2025-02-19-a-las-19.24.20_d2f56ce0-edited-576x1024.jpg" alt="" class="wp-image-1905" srcset="https://karmeyoga.com/wp-content/uploads/2025/02/Imagen-de-WhatsApp-2025-02-19-a-las-19.24.20_d2f56ce0-edited-576x1024.jpg 576w, https://karmeyoga.com/wp-content/uploads/2025/02/Imagen-de-WhatsApp-2025-02-19-a-las-19.24.20_d2f56ce0-edited-169x300.jpg 169w, https://karmeyoga.com/wp-content/uploads/2025/02/Imagen-de-WhatsApp-2025-02-19-a-las-19.24.20_d2f56ce0-edited-600x1066.jpg 600w, https://karmeyoga.com/wp-content/uploads/2025/02/Imagen-de-WhatsApp-2025-02-19-a-las-19.24.20_d2f56ce0-edited.jpg 768w" sizes="auto, (max-width: 576px) 100vw, 576px" /></figure>
</div>



<div class="wp-block-column is-layout-flow wp-block-column-is-layout-flow" style="flex-basis:66.66%">
<p><strong>Practica Yoga con Silla en</strong> <strong>Belotus Yoga de RUBÍ</strong></p>



<p><strong>¡Embárcate en un viaje de bienestar y serenidad todos los jueves de marzo!</strong></p>



<p>¿Buscas una forma accesible y efectiva de mejorar tu salud y bienestar? ¡No busques más! Te invitamos a unirte a nuestro ciclo de <strong>cuatro prácticas de Yoga con Silla</strong> en Belotus Yoga, diseñado para todas las edades y niveles de experiencia.</p>



<p><strong>¿Por qué Yoga con Silla?</strong></p>



<ul class="wp-block-list">
<li><strong>Accesibilidad</strong>: Ideal para personas con movilidad reducida o para quienes prefieren una práctica más suave.</li>



<li><strong>Versatilidad</strong>: Perfecto para principiantes y yoguis experimentados que buscan variar su rutina.</li>



<li><strong>Beneficios para la salud</strong>: Mejora la flexibilidad, fortalece el cuerpo y promueve la relajación mental.</li>
</ul>



<p><strong>Detalles del Ciclo</strong></p>



<ul class="wp-block-list">
<li><strong>Fechas</strong>: Todos los jueves de marzo</li>



<li><strong>Centro</strong>: Belotus Yoga &#8211; RUBÍ</li>



<li><strong>Duración de cada clase</strong>: 75 Min.</li>



<li><strong>Horarios</strong>: 18:45h</li>
</ul>



<p><strong>¿Qué puedes esperar?</strong></p>



<ul class="wp-block-list">
<li><strong>Instructor</strong><strong>a</strong><strong> calificad</strong><strong>a</strong>: Te guiare paso a paso, asegurándote una experiencia segura y enriquecedora.</li>



<li><strong>Ambiente acogedor</strong>: Un espacio tranquilo y amigable donde podrás desconectar del estrés diario.</li>



<li><strong>Comunidad vibrante</strong>: Conecta con otros participantes que comparten tu interés por el bienestar.</li>
</ul>



<p><strong>¡Reserva tu </strong><strong>silla</strong><strong> hoy!</strong></p>



<p>Las plazas son limitadas, así que asegúrate de reservar tu espacio para no perderte esta oportunidad única de explorar el Yoga con Silla.</p>



<p>Para más información y reservas, directamente en mi web, sino formas parte de la familia Belotus.</p>



<p>Ahhh y si comentas YOGASILLA, en mi reel de instagram, recibirás una promo, que te va ha encantar.</p>



<p><strong>¡Te esperamos para compartir juntos </strong><strong>esta nueva experiencia,</strong><strong> cada jueves de marzo!</strong></p>
</div>
</div>



<div class="wp-block-uagb-buttons uagb-buttons__outer-wrap uagb-btn__default-btn uagb-btn-tablet__default-btn uagb-btn-mobile__default-btn uagb-block-cf50c775"><div class="uagb-buttons__wrap uagb-buttons-layout-wrap ">
<div class="wp-block-uagb-buttons-child uagb-buttons__outer-wrap uagb-block-cf2b8e5c wp-block-button"><div class="uagb-button__wrapper"><a class="uagb-buttons-repeater wp-block-button__link" aria-label="" href="#https://karmeyoga.com/index.php/producto/clases-de-yoga-con-silla/" rel="follow noopener" target="_blank" role="button"><div class="uagb-button__link">Reserva</div></a></div></div>
</div></div>



<p></p>

<p>MARZO 2025 TODOS LOS JUEVES &#8211; YOGA CON SILLA Practica Yoga con Silla en Belotus Yoga de RUBÍ ¡Embárcate en [&hellip;]</p>

MARZO 2025 TODOS LOS JUEVES &#8211; YOGA CON SILLA Practica Yoga con Silla en Belotus Yoga de RUBÍ ¡Embárcate en [&hellip;]
